{"id":30052,"date":"2019-10-15T18:26:09","date_gmt":"2019-10-15T18:26:09","guid":{"rendered":"http:\/\/belgrano.es\/web\/?post_type=product&#038;p=30052"},"modified":"2019-10-19T16:42:18","modified_gmt":"2019-10-19T16:42:18","slug":"fotografia-producto","status":"publish","type":"product","link":"https:\/\/belgrano.es\/web\/fotografia-producto\/","title":{"rendered":"Fotograf\u00eda de Producto, Comercial o Publicitaria"},"content":{"rendered":"<p style=\"text-align: justify;\">Fotograf\u00eda de producto, <a href=\"https:\/\/www.google.com\/search?q=fotografia+producto&amp;sxsrf=ACYBGNTYekDViXWZ5t2l0Iu4tGb6I5vi_w:1571191654045&amp;source=lnms&amp;tbm=isch&amp;sa=X&amp;ved=0ahUKEwj8haeD2Z_lAhWl4IUKHcUIBIIQ_AUIEigB&amp;biw=1366&amp;bih=625\" target=\"_blank\" rel=\"noopener noreferrer\">fotograf\u00eda<\/a> comercial para cat\u00e1logo o fotograf\u00eda gastron\u00f3mica.<\/p>\n<p style=\"text-align: justify;\">El precio para la fotograf\u00eda de producto, var\u00eda en funci\u00f3n del <strong>n\u00famero de im\u00e1genes<\/strong>. Puede consultar el <strong>precio por imagen <\/strong>en la tabla superior.<\/p>\n<h3>Galer\u00eda de im\u00e1genes, fotograf\u00eda de producto o fotograf\u00eda&nbsp; comercial<\/h3>\n<p style=\"text-align: justify;\">A continuaci\u00f3n puede ver im\u00e1genes de <strong>trabajos realizados<\/strong> en producto comercial para <strong>cat\u00e1logos<\/strong>, <strong>publicidad<\/strong>, <strong>folletos<\/strong>, <strong>flyers<\/strong>, <strong>tr\u00edpticos<\/strong>, <strong>dosiers<\/strong>, <strong>presentaciones<\/strong> de producto, etc.<\/p>\nngg_shortcode_0_placeholder\n<h3>\u00bfCu\u00e1l es el proceso de realizaci\u00f3n de las fotograf\u00eda de producto?<\/h3>\n<p style=\"text-align: justify;\">La realizaci\u00f3n de toma de fotos de productos se realizar\u00e1 en el <strong>lugar acordado<\/strong> y adecuado, seg\u00fan las necesidades de cada proyecto fotogr\u00e1fico. Si fuera necesario, le recomendar\u00edamos la mejor forma de d\u00f3nde y como realizaremos el trabajo: en su negocio, en estudio, exteriores, etc.<\/p>\n<p style=\"text-align: justify;\">Una vez realizada la sesi\u00f3n de las fotograf\u00edas, realizaremos una <strong>edici\u00f3n previa<\/strong> de las im\u00e1genes. Podr\u00e1 <span style=\"text-decoration: underline;\"><strong>consultar<\/strong><\/span> todo el cat\u00e1logo de la sesi\u00f3n realizado <strong>online. <\/strong>Podr\u00e1 <span style=\"text-decoration: underline;\"><strong>seleccionar<\/strong><\/span>&nbsp;las mejores <strong>im\u00e1genes<\/strong> para su campa\u00f1a o prop\u00f3sito, aunque siempre tendr\u00e1 nuestra opini\u00f3n profesional.<\/p>\n<p style=\"text-align: justify;\">Las <strong>fotograf\u00edas seleccionadas<\/strong> ser\u00e1n revisadas y <strong>editadas por segunda vez<\/strong>, si fuera necesario, antes de la entrega final.<\/p>\n<h3 style=\"text-align: justify;\">\u00bfDispones de un espacio para realizar las fotograf\u00edas?<\/h3>\n<p style=\"text-align: justify;\">Me puedo <strong>desplazar<\/strong> al lugar donde se encuentre el negocio o trabajo, siempre que el lugar nos permita la realizaci\u00f3n correcta de las im\u00e1genes.<\/p>\n<p style=\"text-align: justify;\">Las im\u00e1genes ser\u00e1n procesadas en <strong>Ligthroom<\/strong> y <strong>Photoshop<\/strong>. Se entregan por duplicado en <strong>alta resoluci\u00f3n<\/strong> y <strong>baja resoluci\u00f3n<\/strong> (CV, env\u00edo por e-mail, p\u00e1ginas web, redes sociales, etc)<\/p>\n<p style=\"text-align: justify;\">Entrega de im\u00e1genes en memoria <strong>USB<\/strong> y\/o env\u00edo por <strong>descarga directa<\/strong>.<\/p>\n<h3 style=\"text-align: justify;\">La fotograf\u00eda de este producto NO incluye<\/h3>\n<p style=\"text-align: justify;\">En en el trabajo realizado de la fotograf\u00eda producto o comercial, <strong>no est\u00e1 incluido el revelado de im\u00e1genes<\/strong> en laboratorio profesional. Tendr\u00e1 la opci\u00f3n de <strong>solicitar el revelado de las fotograf\u00edas<\/strong> en los diferentes formatos disponibles, en el mismo momento de visualizaci\u00f3n del cat\u00e1logo online.<\/p>\n<p style=\"text-align: justify;\">Los gastos varios derivados de la sesi\u00f3n (parking, zona verde o azul, extras, etc.)&nbsp;<\/p>\n<p style=\"text-align: justify;\">Desplazamiento*&nbsp;<\/p>\n<p>Si desea obtener m\u00e1s informaci\u00f3n acerca de la fotograf\u00eda comercial, puede ponerse en contacto usando el <a href=\"http:\/\/belgrano.es\/web\/contactar-fotografo-malaga\/\">formulario de contacto<\/a>.<\/p>\n<p><small>*seg\u00fan el n\u00famero de fotograf\u00edas, tipo de trabajo o distancia<\/small><\/p>\n","protected":false},"excerpt":{"rendered":"<p style=\"text-align: justify;\">Fotograf\u00eda de producto, <a href=\"https:\/\/www.google.com\/search?q=fotografia+producto&amp;sxsrf=ACYBGNTYekDViXWZ5t2l0Iu4tGb6I5vi_w:1571191654045&amp;source=lnms&amp;tbm=isch&amp;sa=X&amp;ved=0ahUKEwj8haeD2Z_lAhWl4IUKHcUIBIIQ_AUIEigB&amp;biw=1366&amp;bih=625\" target=\"_blank\" rel=\"noopener noreferrer\">fotograf\u00eda<\/a> comercial para cat\u00e1logo o fotograf\u00eda gastron\u00f3mica.<\/p>\n","protected":false},"featured_media":30112,"comment_status":"closed","ping_status":"closed","template":"","meta":{"ngg_post_thumbnail":0},"product_brand":[],"product_cat":[179,182,178,181,180],"product_tag":[183,184,187,185,186],"class_list":{"0":"post-30052","1":"product","2":"type-product","3":"status-publish","4":"has-post-thumbnail","6":"product_cat-publicidad","7":"product_cat-catalogo","8":"product_cat-comercial","9":"product_cat-flyers","10":"product_cat-folletos","11":"product_tag-catalogo","12":"product_tag-comercial","13":"product_tag-producto","14":"product_tag-publicidad","15":"product_tag-publicitaria","17":"first","18":"instock","19":"virtual","20":"taxable","21":"purchasable","22":"product-type-simple"},"tiered_pricing_type":"fixed","tiered_pricing_fixed_rules":{"11":7,"16":6.5,"22":6,"55":5.5,"105":5.25,"250":5},"tiered_pricing_product_settings":{"layout":"default","base_unit_name":{"singular":null,"plural":null},"default_variation":null},"tiered_pricing_minimum_quantity":null,"tiered_pricing_roles_data":[],"tiered_pricing_percentage_rules":[],"_links":{"self":[{"href":"https:\/\/belgrano.es\/web\/wp-json\/wp\/v2\/product\/30052","targetHints":{"allow":["GET"]}}],"collection":[{"href":"https:\/\/belgrano.es\/web\/wp-json\/wp\/v2\/product"}],"about":[{"href":"https:\/\/belgrano.es\/web\/wp-json\/wp\/v2\/types\/product"}],"replies":[{"embeddable":true,"href":"https:\/\/belgrano.es\/web\/wp-json\/wp\/v2\/comments?post=30052"}],"wp:featuredmedia":[{"embeddable":true,"href":"https:\/\/belgrano.es\/web\/wp-json\/wp\/v2\/media\/30112"}],"wp:attachment":[{"href":"https:\/\/belgrano.es\/web\/wp-json\/wp\/v2\/media?parent=30052"}],"wp:term":[{"taxonomy":"product_brand","embeddable":true,"href":"https:\/\/belgrano.es\/web\/wp-json\/wp\/v2\/product_brand?post=30052"},{"taxonomy":"product_cat","embeddable":true,"href":"https:\/\/belgrano.es\/web\/wp-json\/wp\/v2\/product_cat?post=30052"},{"taxonomy":"product_tag","embeddable":true,"href":"https:\/\/belgrano.es\/web\/wp-json\/wp\/v2\/product_tag?post=30052"}],"curies":[{"name":"wp","href":"https:\/\/api.w.org\/{rel}","templated":true}]}}

Fotografía de Producto, Comercial o Publicitaria

<p style="text-align: justify;">Fotografía de producto, <a href="https://www.google.com/search?q=fotografia+producto&amp;sxsrf=ACYBGNTYekDViXWZ5t2l0Iu4tGb6I5vi_w:1571191654045&amp;source=lnms&amp;tbm=isch&amp;sa=X&amp;ved=0ahUKEwj8haeD2Z_lAhWl4IUKHcUIBIIQ_AUIEigB&amp;biw=1366&amp;bih=625" target="_blank" rel="noopener noreferrer">fotografía</a> comercial para catálogo o fotografía gastronómica.</p>
<p style="text-align: justify;">El precio para la fotografía de producto, varía en función del <strong>número de imágenes</strong>. Puede consultar el <strong>precio por imagen </strong>en la tabla superior.</p>
<h3>Galería de imágenes, fotografía de producto o fotografía&nbsp; comercial</h3>
<p style="text-align: justify;">A continuación puede ver imágenes de <strong>trabajos realizados</strong> en producto comercial para <strong>catálogos</strong>, <strong>publicidad</strong>, <strong>folletos</strong>, <strong>flyers</strong>, <strong>trípticos</strong>, <strong>dosiers</strong>, <strong>presentaciones</strong> de producto, etc.</p>
ngg_shortcode_0_placeholder
<h3>¿Cuál es el proceso de realización de las fotografía de producto?</h3>
<p style="text-align: justify;">La realización de toma de fotos de productos se realizará en el <strong>lugar acordado</strong> y adecuado, según las necesidades de cada proyecto fotográfico. Si fuera necesario, le recomendaríamos la mejor forma de dónde y como realizaremos el trabajo: en su negocio, en estudio, exteriores, etc.</p>
<p style="text-align: justify;">Una vez realizada la sesión de las fotografías, realizaremos una <strong>edición previa</strong> de las imágenes. Podrá <span style="text-decoration: underline;"><strong>consultar</strong></span> todo el catálogo de la sesión realizado <strong>online. </strong>Podrá <span style="text-decoration: underline;"><strong>seleccionar</strong></span>&nbsp;las mejores <strong>imágenes</strong> para su campaña o propósito, aunque siempre tendrá nuestra opinión profesional.</p>
<p style="text-align: justify;">Las <strong>fotografías seleccionadas</strong> serán revisadas y <strong>editadas por segunda vez</strong>, si fuera necesario, antes de la entrega final.</p>
<h3 style="text-align: justify;">¿Dispones de un espacio para realizar las fotografías?</h3>
<p style="text-align: justify;">Me puedo <strong>desplazar</strong> al lugar donde se encuentre el negocio o trabajo, siempre que el lugar nos permita la realización correcta de las imágenes.</p>
<p style="text-align: justify;">Las imágenes serán procesadas en <strong>Ligthroom</strong> y <strong>Photoshop</strong>. Se entregan por duplicado en <strong>alta resolución</strong> y <strong>baja resolución</strong> (CV, envío por e-mail, páginas web, redes sociales, etc)</p>
<p style="text-align: justify;">Entrega de imágenes en memoria <strong>USB</strong> y/o envío por <strong>descarga directa</strong>.</p>
<h3 style="text-align: justify;">La fotografía de este producto NO incluye</h3>
<p style="text-align: justify;">En en el trabajo realizado de la fotografía producto o comercial, <strong>no está incluido el revelado de imágenes</strong> en laboratorio profesional. Tendrá la opción de <strong>solicitar el revelado de las fotografías</strong> en los diferentes formatos disponibles, en el mismo momento de visualización del catálogo online.</p>
<p style="text-align: justify;">Los gastos varios derivados de la sesión (parking, zona verde o azul, extras, etc.)&nbsp;</p>
<p style="text-align: justify;">Desplazamiento*&nbsp;</p>
<p>Si desea obtener más información acerca de la fotografía comercial, puede ponerse en contacto usando el <a href="http://belgrano.es/web/contactar-fotografo-malaga/">formulario de contacto</a>.</p>
<p><small>*según el número de fotografías, tipo de trabajo o distancia</small></p>

<p style="text-align: justify;">Fotografía de producto, <a href="https://www.google.com/search?q=fotografia+producto&amp;sxsrf=ACYBGNTYekDViXWZ5t2l0Iu4tGb6I5vi_w:1571191654045&amp;source=lnms&amp;tbm=isch&amp;sa=X&amp;ved=0ahUKEwj8haeD2Z_lAhWl4IUKHcUIBIIQ_AUIEigB&amp;biw=1366&amp;bih=625" target="_blank" rel="noopener noreferrer">fotografía</a> comercial para catálogo o fotografía gastronómica.</p>
