{"id":29972,"date":"2018-11-20T20:43:07","date_gmt":"2018-11-20T20:43:07","guid":{"rendered":"http:\/\/belgrano.es\/web\/?post_type=product&#038;p=29972"},"modified":"2020-02-20T11:37:32","modified_gmt":"2020-02-20T11:37:32","slug":"sesion-fotografica","status":"publish","type":"product","link":"https:\/\/belgrano.es\/web\/sesion-fotografica\/","title":{"rendered":"Sesi\u00f3n Fotogr\u00e1fica"},"content":{"rendered":"<p style=\"text-align: justify;\"><a href=\"http:\/\/belgrano.es\/web\/contratar-fotografo-malaga\/\" target=\"_blank\" rel=\"noopener noreferrer\">Contrata<\/a> una sesi\u00f3n fotogr\u00e1fica profesional. <strong>Reportaje fotogr\u00e1fico profesional<\/strong>, para cubrir un evento de fotograf\u00eda <em>lyfestyle<\/em>.<\/p>\n<p style=\"text-align: justify;\">El <strong>precio<\/strong> para contratar la sesi\u00f3n de fotos, variar\u00e1 en funci\u00f3n del <strong>n\u00famero de fotograf\u00edas<\/strong>. Puede consultar los precios seleccionando el<b> tipo de sesi\u00f3n<\/b>: <em>express<\/em>, <em>standard<\/em>, <em>gold<\/em> o <em>platinum<\/em>. Cada una detalla el n\u00famero de fotograf\u00edas, duraci\u00f3n de la sesi\u00f3n aprox., etc.<\/p>\n<h3 style=\"text-align: justify;\">Galer\u00eda de im\u00e1genes, fotograf\u00eda de sesiones<\/h3>\n<p style=\"text-align: justify;\">A continuaci\u00f3n puede ver im\u00e1genes de <strong>trabajos realizados.<\/strong><\/p>\nngg_shortcode_0_placeholder\n<h3 style=\"text-align: justify;\">\u00bfCu\u00e1l y c\u00f3mo es el proceso de la sesi\u00f3n fotogr\u00e1fica?<\/h3>\n<p style=\"text-align: justify;\">La realizaci\u00f3n de toma de <strong>fotos de la sesi\u00f3n<\/strong> se realizar\u00e1 en el <strong>lugar acordado<\/strong> y adecuado, seg\u00fan las necesidades de sesi\u00f3n. Si fuera necesario, le recomendar\u00edamos la mejor forma de d\u00f3nde y como se har\u00eda el trabajo.<\/p>\n<p style=\"text-align: justify;\">Tras la sesi\u00f3n de fotos, llevaremos a cabo una <strong>edici\u00f3n previa<\/strong> de las im\u00e1genes. Podr\u00e1 <span style=\"text-decoration: underline;\"><strong>consultar<\/strong><\/span> todo el <strong>cat\u00e1logo de la sesi\u00f3n<\/strong> realizado, <strong>online. <\/strong>Podr\u00e1 <span style=\"text-decoration: underline;\"><strong>seleccionar<\/strong><\/span>&nbsp;las mejores <strong>im\u00e1genes<\/strong>, aunque siempre tendr\u00e1 nuestra opini\u00f3n profesional.<\/p>\n<p style=\"text-align: justify;\">Las <strong>fotograf\u00edas seleccionadas<\/strong> ser\u00e1n revisadas y <strong>editadas por segunda vez<\/strong>, si fuera necesario, antes de la entrega final.<\/p>\n<h3 style=\"text-align: justify;\">\u00bfQu\u00e9 est\u00e1 inclu\u00eddo con la sesi\u00f3n de fotos?<\/h3>\n<p style=\"text-align: justify;\">La <strong>edici\u00f3n<\/strong> fotogr\u00e1fica profesional de la sesi\u00f3n. Las im\u00e1genes ser\u00e1n procesadas en <strong>Ligthroom<\/strong> y <strong>Photoshop.<\/strong><\/p>\n<p style=\"text-align: justify;\">El desplazamiento dentro de <strong>10 km<\/strong> est\u00e1 incluido.&nbsp; (M\u00e1laga capital)<\/p>\n<p style=\"text-align: justify;\">Las <strong>fotos seleccionadas<\/strong> se entregan <strong>sin marca de agua<\/strong> y por duplicado, en <strong>alta resoluci\u00f3n<\/strong> y <strong>baja resoluci\u00f3n<\/strong> (CV, env\u00edo por e-mail, p\u00e1ginas web, redes sociales, etc).&nbsp;<\/p>\n<p style=\"text-align: justify;\">Entrega de im\u00e1genes en <strong>DVD<\/strong> y\/o env\u00edo por <strong>descarga directa<\/strong>.&nbsp;<\/p>\n<h3 style=\"text-align: justify;\">La fotograf\u00eda de este producto NO incluye<\/h3>\n<p style=\"text-align: justify;\">En en el trabajo realizado de la fotograf\u00eda producto o comercial, <strong>no est\u00e1 incluido el revelado de im\u00e1genes<\/strong> en laboratorio profesional. Tendr\u00e1 la opci\u00f3n de <strong>solicitar el revelado de las fotograf\u00edas<\/strong> en diferentes formatos disponibles, en el mismo momento de visualizaci\u00f3n del <strong>cat\u00e1logo online<\/strong>&nbsp;de la sesi\u00f3n.<\/p>\n<p style=\"text-align: justify;\">Los <strong>gastos<\/strong> varios derivados de la sesi\u00f3n (<em>parking, zona verde o azul, extras, d\u00edas festivos, etc<\/em>.)&nbsp;<\/p>\n<p style=\"text-align: justify;\"><strong>Desplazamiento<\/strong>*&nbsp;&nbsp;<\/p>\n<p style=\"text-align: justify;\">Si desea obtener m\u00e1s informaci\u00f3n acerca de la sesi\u00f3n fotogr\u00e1fica, puede ponerse en contacto usando el <a href=\"http:\/\/belgrano.es\/web\/contactar-fotografo-malaga\/\">formulario de contacto<\/a>.<\/p>\n<p style=\"text-align: justify;\"><small>*seg\u00fan el n\u00famero de fotograf\u00edas, tipo de trabajo o distancia<\/small><\/p>\n","protected":false},"excerpt":{"rendered":"<p>Contrata una sesi\u00f3n fotogr\u00e1fica profesional. Reportaje fotogr\u00e1fico profesional, para cubrir un evento de fotograf\u00eda lyfestyle. El precio para contratar la sesi\u00f3n de fotos, variar\u00e1 en funci\u00f3n del n\u00famero de fotograf\u00edas. Puede consultar los precios seleccionando el tipo de sesi\u00f3n: express, standard, gold o platinum. Cada una detalla el n\u00famero de fotograf\u00edas, duraci\u00f3n de la sesi\u00f3n&hellip; <br \/> <a class=\"button small blue\" href=\"https:\/\/belgrano.es\/web\/sesion-fotografica\/\">Leer m\u00e1s<\/a><\/p>\n","protected":false},"featured_media":30104,"comment_status":"open","ping_status":"closed","template":"","meta":{"ngg_post_thumbnail":0},"product_brand":[],"product_cat":[188],"product_tag":[49,189,79],"class_list":{"0":"post-29972","1":"product","2":"type-product","3":"status-publish","4":"has-post-thumbnail","6":"product_cat-freestyle","7":"product_tag-book","8":"product_tag-freestyle","9":"product_tag-reportaje","11":"first","12":"instock","13":"taxable","14":"shipping-taxable","15":"purchasable","16":"product-type-variable"},"tiered_pricing_type":"fixed","tiered_pricing_fixed_rules":[],"tiered_pricing_product_settings":{"layout":"default","base_unit_name":{"singular":null,"plural":null},"default_variation":null},"tiered_pricing_minimum_quantity":null,"tiered_pricing_roles_data":[],"tiered_pricing_percentage_rules":[],"_links":{"self":[{"href":"https:\/\/belgrano.es\/web\/wp-json\/wp\/v2\/product\/29972","targetHints":{"allow":["GET"]}}],"collection":[{"href":"https:\/\/belgrano.es\/web\/wp-json\/wp\/v2\/product"}],"about":[{"href":"https:\/\/belgrano.es\/web\/wp-json\/wp\/v2\/types\/product"}],"replies":[{"embeddable":true,"href":"https:\/\/belgrano.es\/web\/wp-json\/wp\/v2\/comments?post=29972"}],"wp:featuredmedia":[{"embeddable":true,"href":"https:\/\/belgrano.es\/web\/wp-json\/wp\/v2\/media\/30104"}],"wp:attachment":[{"href":"https:\/\/belgrano.es\/web\/wp-json\/wp\/v2\/media?parent=29972"}],"wp:term":[{"taxonomy":"product_brand","embeddable":true,"href":"https:\/\/belgrano.es\/web\/wp-json\/wp\/v2\/product_brand?post=29972"},{"taxonomy":"product_cat","embeddable":true,"href":"https:\/\/belgrano.es\/web\/wp-json\/wp\/v2\/product_cat?post=29972"},{"taxonomy":"product_tag","embeddable":true,"href":"https:\/\/belgrano.es\/web\/wp-json\/wp\/v2\/product_tag?post=29972"}],"curies":[{"name":"wp","href":"https:\/\/api.w.org\/{rel}","templated":true}]}}