{"id":28083,"date":"2017-06-10T03:52:37","date_gmt":"2017-06-10T03:52:37","guid":{"rendered":"http:\/\/belgrano.es\/web\/?post_type=product&#038;p=28083"},"modified":"2024-09-29T20:11:58","modified_gmt":"2024-09-29T20:11:58","slug":"fotografo-embarazadas-malaga","status":"publish","type":"product","link":"https:\/\/belgrano.es\/web\/fotografo-embarazadas-malaga\/","title":{"rendered":"Fotografo Embarazadas Malaga \u00b7 Book Embarazadas en Exterior"},"content":{"rendered":"<h1 style=\"text-align: justify;\">Sesi\u00f3n Fot\u00f3grafo Embarazadas M\u00e1laga, Book Embarazadas en M\u00e1laga<\/h1>\n<p style=\"text-align: justify;\"><a href=\"https:\/\/belgrano.es\/web\/contratar-fotografo-malaga\/\"><img loading=\"lazy\" decoding=\"async\" class=\"alignright wp-image-29070\" src=\"https:\/\/belgrano.es\/web\/wp-content\/uploads\/2017\/06\/fotografo-embarazadas-malaga.jpg\" alt=\"fotografo embarazadas malaga\" width=\"250\" height=\"167\" srcset=\"https:\/\/belgrano.es\/web\/wp-content\/uploads\/2017\/06\/fotografo-embarazadas-malaga.jpg 850w, https:\/\/belgrano.es\/web\/wp-content\/uploads\/2017\/06\/fotografo-embarazadas-malaga-350x233.jpg 350w\" sizes=\"auto, (max-width: 250px) 100vw, 250px\" \/><\/a>Sesi\u00f3n <strong>Fot\u00f3grafo Embarazadas Malaga en Exterior<\/strong>: Con este producto tendr\u00e1s una <strong>sesi\u00f3n de embarazadas <\/strong>para realizar tu book embarazadas en <strong>M\u00e1laga.<\/strong> Una sesi\u00f3n de fotograf\u00eda profesional en <strong>exteriores<\/strong> para embarazadas: en el lugar que tu elijas o que acordemos. Puedes traer a tu pareja o a una amig@ o hermanitos de la personita que est\u00e1 por llegar.<\/p>\n<h1 style=\"text-align: justify;\">Fot\u00f3grafo Embarazo, Book Embarazada, Fot\u00f3grafo premam\u00e1<\/h1>\n<p style=\"text-align: justify;\">Al realizar la sesi\u00f3n de<strong> Fotografo Embarazadas M\u00e1laga<\/strong>, siempre intento trabajar usando la <strong>luz natural<\/strong> para realizar las fotos de la sesi\u00f3n. Procuramos destacar las formas y figuras, fotograf\u00eda de detalles, en pareja&#8230; con la luz del <strong>atardecer<\/strong>, fotos bonitas.<strong> Jugar con las luces<\/strong> <strong>y sombras<\/strong> tambi\u00e9n es una posibilidad y usar el <strong>paisaje como fondo<\/strong> brinda muchas posibilidades a la imaginaci\u00f3n.<\/p>\n<div class=\"et_pb_blurb_container\" style=\"text-align: justify;\">\n<h1>Informaci\u00f3n acerca de la sesi\u00f3n de Fot\u00f3grafo Embarazo en M\u00e1laga<\/h1>\n<h2>\u00bfC\u00f3mo ser\u00e1 la sesi\u00f3n para Embarazadas?<\/h2>\n<p>Busca un d\u00eda que os vaya bien y una <strong>localizaci\u00f3n<\/strong> que sea importante para vosotros donde podamos durante la sesi\u00f3n, charlar y crear un ambiente distendido. Si vosotros no con\u00f3ceis ning\u00fan sitio <strong>especial<\/strong>, os puedo proponer alguno.<\/p>\n<p>Tomar\u00e9 tambi\u00e9n fotos <strong>improvisadas<\/strong> y <strong>robados<\/strong>, adem\u00e1s de realizar ciertas poses que llevar\u00e9 preparadas.<\/p>\n<h2>\u00bfDespu\u00e9s de la sesi\u00f3n de fot\u00f3grafo embarazadas?<\/h2>\n<p>Tras realizar la sesi\u00f3n fotogr\u00e1fica para embarazada, tendr\u00e9 que <strong>retocar<\/strong> las fotos y <strong>editarlas<\/strong>. Os dar\u00e9 una <strong>cuenta privada&nbsp;online<\/strong> con la que revisar <strong>todas las fotos<\/strong>. Podr\u00e9is realizar la <strong>selecci\u00f3n de las <span style=\"text-decoration: underline;\">25 mejores fotos<\/span><\/strong> o las que m\u00e1s os guste desde casa. Pod\u00e9is elegir las mejores fotos de embarazada y si quer\u00e9is elegir m\u00e1s fotograf\u00edas, tambi\u00e9n es posible.<\/p>\n<h2>Despu\u00e9s de la sesi\u00f3n de fot\u00f3grafo embarazadas \u00bfQu\u00e9 tendr\u00e9?<\/h2>\n<p>En unos d\u00edas os har\u00e9 entrega de las fotos de embarazada en un DVD en alta calidad, ya <strong>reveladas digitalmente<\/strong> y aplicando un <strong>estilo&nbsp;de revelado<\/strong> apropiado para cada foto, creando copias en <strong>b\/n<\/strong>, <strong>sepias<\/strong> o lo que me pid\u00e1is. No limito el <strong>n\u00famero de fotos<\/strong>, pero podr\u00e1s elegir las m\u00e1s bonitas desde vuestra cuenta.&nbsp;<\/p>\n<p>Tambi\u00e9n podr\u00e9is<strong> descargar las fotos seleccionadas<\/strong> de la sesi\u00f3n de embarazada desde vuestra cuenta en la web. Una vez que est\u00e9n preparadas las fotograf\u00edas online, estar\u00e1n disponibles para su descarga en un archivo comprimido.<\/p>\n<h2>Oferta Regalo Fot\u00f3grafo Embarazo<\/h2>\n<p>Adem\u00e1s, ahora puedes&nbsp;<strong>elegir<\/strong> entre los siguientes&nbsp;<strong>regalos disponibles<\/strong>:<\/p>\n<div id=\"attachment_28559\" style=\"width: 210px\" class=\"wp-caption alignleft\"><a href=\"http:\/\/belgrano.es\/web\/wp-content\/uploads\/2017\/06\/fotografo-foto-cuadro-metacrilato-30x45.png\"><img loading=\"lazy\" decoding=\"async\" aria-describedby=\"caption-attachment-28559\" class=\"wp-image-28559\" title=\"fotografo-embarazadas-lamina30x45\" src=\"https:\/\/belgrano.es\/web\/wp-content\/uploads\/2017\/06\/fotografo-foto-cuadro-metacrilato-30x45.png\" alt=\"reportaje-comunion-fotografo-malaga\" width=\"200\" height=\"134\" srcset=\"https:\/\/belgrano.es\/web\/wp-content\/uploads\/2017\/06\/fotografo-foto-cuadro-metacrilato-30x45.png 400w, https:\/\/belgrano.es\/web\/wp-content\/uploads\/2017\/06\/fotografo-foto-cuadro-metacrilato-30x45-350x234.png 350w\" sizes=\"auto, (max-width: 200px) 100vw, 200px\" \/><\/a><p id=\"caption-attachment-28559\" class=\"wp-caption-text\">Impresi\u00f3n de la fotograf\u00eda de 30&#215;45. Regalo de la foto que m\u00e1s te guste del reportaje comuni\u00f3n. Medidas de 30&#215;45.<\/p><\/div>\n<div id=\"attachment_28558\" style=\"width: 210px\" class=\"wp-caption alignleft\"><a href=\"http:\/\/belgrano.es\/web\/wp-content\/uploads\/2017\/06\/fotografo-embarazada-video-book-DVD.png\"><img loading=\"lazy\" decoding=\"async\" aria-describedby=\"caption-attachment-28558\" class=\"wp-image-28558\" title=\"fotografo-embarazada-video-book-DVD\" src=\"https:\/\/belgrano.es\/web\/wp-content\/uploads\/2017\/06\/fotografo-embarazada-video-book-DVD.png\" alt=\"fotografo-video-book-DVD\" width=\"200\" height=\"127\" srcset=\"https:\/\/belgrano.es\/web\/wp-content\/uploads\/2017\/06\/fotografo-embarazada-video-book-DVD.png 551w, https:\/\/belgrano.es\/web\/wp-content\/uploads\/2017\/06\/fotografo-embarazada-video-book-DVD-350x222.png 350w\" sizes=\"auto, (max-width: 200px) 100vw, 200px\" \/><\/a><p id=\"caption-attachment-28558\" class=\"wp-caption-text\">Videopresentaci\u00f3n o Book presentaci\u00f3n en DVD, con las mejores fotograf\u00edas del la sesi\u00f3n.<\/p><\/div>\n<div style=\"clear: both;\">&nbsp;<\/div>\n<p>Todas las fotos de embarazadas que se entregan, estaran en <b>alta calidad&nbsp;<\/b>y con copia en <b>baja calidad&nbsp;<\/b>(para enviar por correo, whatsapp o poner en el facebook), con <strong>revelado profesional<\/strong> y <strong>sin marca<\/strong> de agua.<\/p>\n<\/div>\n<div class=\"et_pb_blurb_container\" style=\"text-align: justify;\">\n<h1>\u00bfY si quiero una copia<strong> en grande<\/strong> de mi foto de embarazada o una copia para entreg\u00e1rsela a mis padres o familiares?<\/h1>\n<p>Tambi\u00e9n es posible<strong> imprimir una copia<\/strong> de la foto para el <strong>sal\u00f3n<\/strong>, para la <strong>oficina<\/strong> o una copia para un <strong>familiar<\/strong>, etc. El precio de la fotograf\u00eda de embarazada depender\u00e1 del tipo de copia que elij\u00e1is: en un cuadro, una l\u00e1mina, en material foam, tablero DM, el tama\u00f1o de la fotograf\u00eda, etc.<\/p>\n<h1>\u00bfA\u00fan tienes dudas acerca de la Sesi\u00f3n Fot\u00f3grafo Embarazadas M\u00e1laga en exterior?<\/h1>\n<p>No os preocup\u00e9is, pod\u00e9is preguntarme cualquier duda <a href=\"http:\/\/belgrano.es\/web\/contactar-fotografo-malaga\/\" target=\"_blank\" rel=\"noopener noreferrer\">envi\u00e1ndome un mensaje<\/a> o envi\u00e1ndome un <a href=\"mailto:victor@belgrano.es\">email<\/a>. Tambi\u00e9n pod\u00e9is <a href=\"http:\/\/belgrano.es\/web\/contratar-fotografo-malaga\/\" target=\"_blank\" rel=\"noopener noreferrer\">reservar el d\u00eda<\/a> para la sesi\u00f3n de embarazo, sin compromiso alguno.<\/p>\n<p>Los precios fotograf\u00eda son para la provincia de M\u00e1laga, Espa\u00f1a.<\/p>\n<hr>\n<\/div>\n<h5 class=\"et_pb_blurb_container\" style=\"text-align: justify;\">Temas de inter\u00e9s: fotografo embarazadas malaga, book embarazadas malaga, <a href=\"https:\/\/www.google.es\/search?q=embarazadas&amp;client=firefox-b-ab&amp;tbm=isch&amp;tbo=u&amp;source=univ&amp;sa=X&amp;ved=0ahUKEwjM7Kedp7LUAhVEfRoKHVvMA30QsAQIbg&amp;biw=1920&amp;bih=947\" target=\"_blank\" rel=\"noopener noreferrer\">fotograf\u00eda de embarazadas malaga<\/a>, fotografo embarazo, fotografo premama, precio fotografo embarazadas<\/h5>\n","protected":false},"excerpt":{"rendered":"<p style=\"text-align: justify;\">Sesi\u00f3n <strong>Fotografo Embarazadas Malaga en Exterior<\/strong>: Servicio de una <strong>sesi\u00f3n fotogr\u00e1fica de embarazadas<\/strong> para realizar tu book en <strong>M\u00e1laga.<\/strong><\/p>\n<ul style=\"text-align: justify;\">\n<li><strong>Sesi\u00f3n<\/strong> fotogr\u00e1fica en <strong>exteriores<\/strong><\/li>\n<li><strong>25 fotos<\/strong> en formato digital a m\u00e1xima calidad<\/li>\n<li><strong>Regalo<\/strong> a elegir<\/li>\n<li>Foto extra:&nbsp; <strong>6<\/strong>&nbsp; \u20ac\/u.&nbsp;<\/li>\n<\/ul>\n<p style=\"text-align: justify;\">Una sesi\u00f3n de fotograf\u00eda profesional en <strong>exteriores<\/strong> para embarazadas en un lugar que tu elijas o que acordemos.<\/p>\n","protected":false},"featured_media":29070,"comment_status":"open","ping_status":"closed","template":"","meta":{"ngg_post_thumbnail":0},"product_brand":[],"product_cat":[134],"product_tag":[49,48,54,47],"class_list":{"0":"post-28083","1":"product","2":"type-product","3":"status-publish","4":"has-post-thumbnail","6":"product_cat-embarazadas","7":"product_tag-book","8":"product_tag-embarazadas","9":"product_tag-embarazo","10":"product_tag-fotografo","12":"first","13":"instock","14":"featured","15":"virtual","16":"sold-individually","17":"taxable","18":"purchasable","19":"product-type-simple"},"tiered_pricing_type":"fixed","tiered_pricing_fixed_rules":[],"tiered_pricing_product_settings":{"layout":"default","base_unit_name":{"singular":null,"plural":null},"default_variation":null},"tiered_pricing_minimum_quantity":null,"tiered_pricing_roles_data":[],"tiered_pricing_percentage_rules":[],"_links":{"self":[{"href":"https:\/\/belgrano.es\/web\/wp-json\/wp\/v2\/product\/28083","targetHints":{"allow":["GET"]}}],"collection":[{"href":"https:\/\/belgrano.es\/web\/wp-json\/wp\/v2\/product"}],"about":[{"href":"https:\/\/belgrano.es\/web\/wp-json\/wp\/v2\/types\/product"}],"replies":[{"embeddable":true,"href":"https:\/\/belgrano.es\/web\/wp-json\/wp\/v2\/comments?post=28083"}],"wp:featuredmedia":[{"embeddable":true,"href":"https:\/\/belgrano.es\/web\/wp-json\/wp\/v2\/media\/29070"}],"wp:attachment":[{"href":"https:\/\/belgrano.es\/web\/wp-json\/wp\/v2\/media?parent=28083"}],"wp:term":[{"taxonomy":"product_brand","embeddable":true,"href":"https:\/\/belgrano.es\/web\/wp-json\/wp\/v2\/product_brand?post=28083"},{"taxonomy":"product_cat","embeddable":true,"href":"https:\/\/belgrano.es\/web\/wp-json\/wp\/v2\/product_cat?post=28083"},{"taxonomy":"product_tag","embeddable":true,"href":"https:\/\/belgrano.es\/web\/wp-json\/wp\/v2\/product_tag?post=28083"}],"curies":[{"name":"wp","href":"https:\/\/api.w.org\/{rel}","templated":true}]}}