{"id":28160,"date":"2017-08-13T04:49:21","date_gmt":"2017-08-13T04:49:21","guid":{"rendered":"http:\/\/belgrano.es\/web\/?page_id=28160"},"modified":"2024-09-25T19:43:19","modified_gmt":"2024-09-25T19:43:19","slug":"comprar-fotos","status":"publish","type":"page","link":"https:\/\/belgrano.es\/web\/comprar-fotos\/","title":{"rendered":"Comprar Fotos"},"content":{"rendered":"<h1>\u00bfC\u00f3mo comprar fotos?<\/h1>\n<p><img loading=\"lazy\" decoding=\"async\" class=\"alignright wp-image-27751\" title=\"comprar fotos\" src=\"http:\/\/belgrano.es\/web\/wp-content\/uploads\/2017\/05\/fotografo-malaga-3-400x300.jpg\" alt=\"comprar fotos\" width=\"250\" height=\"375\">A continuaci\u00f3n os dejo con galerias de fotos para comprar impresas digitalmente en calidad superior. Pod\u00e9is buscar una foto y comprar fotos en el tama\u00f1o que quer\u00e1is. El precio para comprar foto var\u00eda en funci\u00f3n del material, el tama\u00f1o y el destino de env\u00edo.<\/p>\n<p>&nbsp;<\/p>\n<h1>\u00bfMater\u00edal elegido al comprar fotos?<\/h1>\n<p>Cuando encuentres entre las fotos profesionales la que necesitas, puedes comprar la foto y seleccionar el tipo de material disponible: Papel fotogr\u00e1fico de alta calidad, l\u00e1mina, <a href=\"https:\/\/www.google.es\/search?biw=1920&amp;bih=950&amp;tbm=isch&amp;sa=1&amp;q=foam+foto&amp;oq=foam+foto\" target=\"_blank\" rel=\"noopener\"><strong>FOAM<\/strong> (Kapafix)<\/a>, <a href=\"https:\/\/www.google.es\/search?biw=1920&amp;bih=950&amp;tbm=isch&amp;sa=1&amp;q=canvas+foto&amp;oq=canvas+foto\" target=\"_blank\" rel=\"noopener\"><strong>Canvas<\/strong><\/a>, <a href=\"https:\/\/www.google.es\/search?biw=1920&amp;bih=950&amp;tbm=isch&amp;sa=1&amp;q=lienzo+sobre+bastidor&amp;oq=lienzo+sobre+bastidor\" target=\"_blank\" rel=\"noopener\">Lienzo sobre bastidor<\/a>, etc. Puedes obtener m\u00e1s informaci\u00f3n antes de <a href=\"#\">comprar la foto aqu\u00ed<\/a>.<\/p>\n<h3>Comprar fotografias en papel fotogr\u00e1fico<\/h3>\n<p>La fotograf\u00eda se imprime en calidad profesional sobre papel de alta calidad. Se recomienda elegir el m\u00e9todo de impresi\u00f3n mate.<\/p>\n<h3>Comprar fotograf\u00edas sobre FOAM (Kapafix) o Papel Pluma<\/h3>\n<p>La fotograf\u00eda se imprimir\u00e1 sobre material Kapafix, un material bastante resistente y de poco peso, tambi\u00e9n llamado papel pluma.<\/p>\n<h3>Comprar fotograf\u00edas sobre Canvas<\/h3>\n<p>Canvas es un material m\u00e1s rigido y pesado. Es parecido a un lienzo mazizo, de gran durabilidad e ideal para negocios.<\/p>\n<h3>Comprar fotograf\u00edas en lienzo sobre bastidor<\/h3>\n<p>Este material es un cuadro. La fotograf\u00eda se imprime sobre un lienzo el cual se monta alrededor de un bastidor.<\/p>\n<h1>Quiero comprar fotos personalizadas<\/h1>\n<p>Si quieres una foto personalizada o retocada digitalmente, puedes ponerte en <a href=\"http:\/\/belgrano.es\/web\/contactar-fotografo-malaga\/\" target=\"_blank\" rel=\"noopener\">contacto<\/a> conmigo y\/o obtener un <a href=\"http:\/\/belgrano.es\/web\/contratar-fotografo-malaga\/\" target=\"_blank\" rel=\"noopener\">presupuesto<\/a>. Estaremos encantados de asesorarte.<\/p>\n<p>&nbsp;<\/p>\n<p>&nbsp;<\/p>\n","protected":false},"excerpt":{"rendered":"<p>\u00bfC\u00f3mo comprar fotos? A continuaci\u00f3n os dejo con galerias de fotos para comprar impresas digitalmente en calidad superior. Pod\u00e9is buscar una foto y comprar fotos en el tama\u00f1o que quer\u00e1is. El precio para comprar foto var\u00eda en funci\u00f3n del material, el tama\u00f1o y el destino de env\u00edo. &nbsp; \u00bfMater\u00edal elegido al comprar fotos? Cuando encuentres&hellip; <br \/> <a class=\"button small blue\" href=\"https:\/\/belgrano.es\/web\/comprar-fotos\/\">Leer m\u00e1s<\/a><\/p>\n","protected":false},"author":1,"featured_media":0,"parent":0,"menu_order":0,"comment_status":"closed","ping_status":"closed","template":"","meta":{"ngg_post_thumbnail":0,"footnotes":""},"class_list":["post-28160","page","type-page","status-publish","hentry"],"_links":{"self":[{"href":"https:\/\/belgrano.es\/web\/wp-json\/wp\/v2\/pages\/28160","targetHints":{"allow":["GET"]}}],"collection":[{"href":"https:\/\/belgrano.es\/web\/wp-json\/wp\/v2\/pages"}],"about":[{"href":"https:\/\/belgrano.es\/web\/wp-json\/wp\/v2\/types\/page"}],"author":[{"embeddable":true,"href":"https:\/\/belgrano.es\/web\/wp-json\/wp\/v2\/users\/1"}],"replies":[{"embeddable":true,"href":"https:\/\/belgrano.es\/web\/wp-json\/wp\/v2\/comments?post=28160"}],"version-history":[{"count":1,"href":"https:\/\/belgrano.es\/web\/wp-json\/wp\/v2\/pages\/28160\/revisions"}],"predecessor-version":[{"id":28162,"href":"https:\/\/belgrano.es\/web\/wp-json\/wp\/v2\/pages\/28160\/revisions\/28162"}],"wp:attachment":[{"href":"https:\/\/belgrano.es\/web\/wp-json\/wp\/v2\/media?parent=28160"}],"curies":[{"name":"wp","href":"https:\/\/api.w.org\/{rel}","templated":true}]}}